{"id":148,"date":"2020-08-27T10:18:37","date_gmt":"2020-08-27T10:18:37","guid":{"rendered":"https:\/\/korosnagyharsany.reformatus.hu\/?page_id=148"},"modified":"2020-11-10T07:51:15","modified_gmt":"2020-11-10T07:51:15","slug":"vp6-7-2-1-7-4-1-1-16","status":"publish","type":"page","link":"https:\/\/korosnagyharsany.reformatus.hu\/?page_id=148","title":{"rendered":"VP6-7.2.1-7.4.1.1-16"},"content":{"rendered":"<p><strong>K\u00f6r\u00f6snagyhars\u00e1ny egyh\u00e1zi telep\u00fcl\u00e9sk\u00e9pet meghat\u00e1roz\u00f3 \u00e9p\u00fcleteinek fejleszt\u00e9se<\/strong><\/p>\n<p>Kedvezm\u00e9nyezett neve:\u00a0\u00a0 <strong>K\u00f6r\u00f6snagyhars\u00e1nyi Reform\u00e1tus Egyh\u00e1zk\u00f6zs\u00e9g<\/strong><\/p>\n<p><img loading=\"lazy\" decoding=\"async\" src=\"https:\/\/korosnagyharsany.reformatus.hu\/wp-content\/uploads\/2020\/11\/EU-MK-300x125.png\" alt=\"\" class=\"wp-image-174 alignright\" width=\"535\" height=\"223\" srcset=\"https:\/\/korosnagyharsany.reformatus.hu\/wp-content\/uploads\/2020\/11\/EU-MK-300x125.png 300w, https:\/\/korosnagyharsany.reformatus.hu\/wp-content\/uploads\/2020\/11\/EU-MK-1024x427.png 1024w, https:\/\/korosnagyharsany.reformatus.hu\/wp-content\/uploads\/2020\/11\/EU-MK-768x320.png 768w, https:\/\/korosnagyharsany.reformatus.hu\/wp-content\/uploads\/2020\/11\/EU-MK.png 1500w\" sizes=\"auto, (max-width: 535px) 100vw, 535px\" \/><\/p>\n<p>P\u00e1ly\u00e1zati felh\u00edv\u00e1s neve, k\u00f3dsz\u00e1ma: A vid\u00e9ki t\u00e9rs\u00e9gek kism\u00e9ret\u0171 infrastrukt\u00far\u00e1j\u00e1nak \u00e9s alapvet\u0151 szolg\u00e1ltat\u00e1sainak fejleszt\u00e9s\u00e9re Telep\u00fcl\u00e9sk\u00e9pet meghat\u00e1roz\u00f3 \u00e9p\u00fcletek k\u00fcls\u0151 rekonstrukci\u00f3ja, t\u00f6bbfunkci\u00f3s k\u00f6z\u00f6ss\u00e9gi t\u00e9r l\u00e9trehoz\u00e1sa, fejleszt\u00e9se, energetikai korszer\u0171s\u00edt\u00e9s &#8211; <strong>VP6-7.2.1-7.4.1.1-16<\/strong><\/p>\n<p>Projekt c\u00edme:<strong> \u201e<\/strong><strong>K\u00f6r\u00f6snagyhars\u00e1ny egyh\u00e1zi telep\u00fcl\u00e9sk\u00e9pet meghat\u00e1roz\u00f3 \u00e9p\u00fcleteinek fejleszt\u00e9se<\/strong><strong>\u201d<\/strong><\/p>\n<p>Projekt azonos\u00edt\u00f3ja: <strong>1775421584<\/strong><\/p>\n<p>A szerz\u0151d\u00f6tt t\u00e1mogat\u00e1s \u00f6sszege: <strong>45 270\u00a0151 Ft<\/strong><\/p>\n<p>A t\u00e1mogat\u00e1s m\u00e9rt\u00e9ke: <strong>95 %<\/strong><\/p>\n<p>Projekt tervezett\/t\u00e9nyleges befejez\u00e9si d\u00e1tuma: <strong>2020.11.27.<\/strong><\/p>\n<p><strong>A projekt tartalm\u00e1nak r\u00f6vid bemutat\u00e1sa:<\/strong><\/p>\n<p>A K\u00f6r\u00f6snagyhars\u00e1nyi Reform\u00e1tus Egyh\u00e1zk\u00f6zs\u00e9g a projekt futamideje alatt a gy\u00fclekezeti h\u00e1z \u00e9p\u00fclet\u00e9nek, mint telep\u00fcl\u00e9sk\u00e9pet meghat\u00e1roz\u00f3 \u00e9p\u00fclet k\u00fcls\u0151 fel\u00faj\u00edt\u00e1s\u00e1t, energetikai korszer\u0171s\u00edt\u00e9s\u00e9t \u00e9s l\u00e1togathat\u00f3s\u00e1g\u00e1nak biztos\u00edt\u00e1s\u00e1t t\u0171zte ki c\u00e9lul. A fejleszt\u00e9s eredm\u00e9nyek\u00e9nt a k\u00f6zs\u00e9g kultur\u00e1lis, vall\u00e1si k\u00e9pe meg\u0151rz\u00e9sre ker\u00fclt, \u00e9p\u00edtett k\u00f6rnyezete sz\u00e9p\u00fclt, valamint az energetikai fejleszt\u00e9sek \u00e1ltal a primerenergia felhaszn\u00e1l\u00e1s \u00e9s a sz\u00e9n-dioxid kibocs\u00e1jt\u00e1s cs\u00f6kkent. A telep\u00fcl\u00e9s k\u00f6z\u00f6ss\u00e9ge sz\u00e1m\u00e1ra alkalmas k\u00f6z\u00f6ss\u00e9gi \u00e9p\u00fclet ker\u00fclt korszer\u0171s\u00edt\u00e9sre.<\/p>\n<p>A projekt sor\u00e1n a gy\u00fclekezeti h\u00e1z \u00e9p\u00fclet teljes k\u00f6r\u0171 k\u00fcls\u0151 fel\u00faj\u00edt\u00e1sa \u00e9s energetikai korszer\u0171s\u00edt\u00e9se val\u00f3sult meg, valamint az \u00e9p\u00fclet k\u00f6rnyezete is megsz\u00e9p\u00fclt a parkos\u00edt\u00e1snak \u00e9s t\u00e9rk\u00f6vez\u00e9snek k\u00f6sz\u00f6nhet\u0151en.<\/p>\n<p>A gy\u00fclekezeti h\u00e1z tet\u0151h\u00e9jazata \u00faj cser\u00e9pfed\u00e9st kapott.\u00a0 A cser\u00e9pfed\u00e9s al\u00e1 p\u00e1ra\u00e1tereszt\u0151, sz\u00e9l- \u00e9s v\u00edzz\u00e1r\u00f3, v\u00edzhatlan al\u00e1t\u00e9tf\u00f3lia ker\u00fclt. A tet\u0151h\u00e9jazat \u00faj faszerkezeti elemei gomba- \u00e9s rovark\u00e1rtev\u0151 elleni megel\u0151z\u0151 v\u00e9delemmel lettek ell\u00e1tva. A tet\u0151h\u00e9jazat teljes k\u00f6r\u0171 \u00e1tszell\u0151ztet\u00e9s\u00e9vel biztos\u00edtva lett a be\u00e9p\u00edtett faanyagok p\u00e1ra- \u00e9s egy\u00e9b nedvess\u00e9ghat\u00e1s elleni v\u00e9delme.<\/p>\n<p>A gy\u00fclekezeti h\u00e1z \u00e9p\u00fclet \u00faj f\u00fcgg\u0151eresz csatorn\u00e1kat \u00e9s lefoly\u00f3 csatorn\u00e1kat kapott, valamint az ablakp\u00e1rk\u00e1nyok is cser\u00e9lve lettek poli\u00e9szter bevonat\u00fa alum\u00edniumb\u00f3l.<\/p>\n<p>A fejleszt\u00e9s kiterjedt meg\u00fajul\u00f3 energi\u00e1k haszn\u00e1lat\u00e1ra is, \u00edgy ennek keret\u00e9ben 9db Futura Sun 60 P 280 Wp-os polikrist\u00e1lyos napelemes rendszer \u00e9s 2 db COSMO CFK252A \u00e1ll\u00f3 napkollektor ker\u00fclt beszerz\u00e9sre.<\/p>\n<p>A homlokzat is teljes k\u00f6r\u0171en meg\u00fajult. A l\u00e1bazati z\u00f3n\u00e1ban l\u00e9v\u0151 r\u00e9gi vakolatr\u00e9teg elt\u00e1vol\u00edt\u00e1s\u00e1t k\u00f6vet\u0151en a gy\u00fclekezeti \u00e9p\u00fclet falszerkezeteinek ut\u00f3lagos talajnedvess\u00e9g elleni falszigetel\u00e9se k\u00e9sz\u00fclt el furatinjekt\u00e1l\u00e1sos m\u00f3dszerrel, majd a r\u00e9gi vakolatok helyett modern szell\u0151z\u0151, falsz\u00e1r\u00edt\u00f3 fel\u00faj\u00edt\u00f3 vakolat k\u00e9sz\u00fclt.<\/p>\n<p>A homlokzaton teljes k\u00f6r\u0171 vakolatjav\u00edt\u00e1s val\u00f3sult meg, melynek keret\u00e9ben a szerkezeti reped\u00e9seket kijav\u00edtott\u00e1k falvarr\u00e1sos technol\u00f3gi\u00e1val.<\/p>\n<p>A homlokzat ezt k\u00f6vet\u0151en speci\u00e1lis, p\u00e1ra\u00e1tereszt\u0151 homlokzati h\u0151szigetel\u0151 rendszerrel lett ell\u00e1tva, valamint a f\u00f6d\u00e9m is szigetelve lett kas\u00edrozatlan t\u00f6bbfunkci\u00f3s \u00e1sv\u00e1nygyapot h\u0151szigetel\u00e9ssel.<\/p>\n<p>Az \u00e9p\u00fclet terasza \u00e9s l\u00e9pcs\u0151i \u00faj hidegburkolattal lettek ell\u00e1tva.<\/p>\n<p>A gy\u00fclekezeti h\u00e1z ny\u00edl\u00e1sz\u00e1r\u00f3inak cser\u00e9je keret\u00e9ben h\u0151szigetelt, fokozott l\u00e9gz\u00e1r\u00e1s\u00fa ablakok \u00e9s ajt\u00f3k ker\u00fcltek be\u00e9p\u00edt\u00e9sre.<\/p>\n<p>Az \u00e9p\u00fclet teljes k\u00f6r\u0171 f\u0171t\u00e9si korszer\u0171s\u00edt\u00e9s\u00e9ben a r\u00e9gi konvektorok elt\u00e1vol\u00edt\u00e1s\u00e1t k\u00f6vet\u0151en, radi\u00e1toros k\u00f6zponti f\u0171t\u00e9si rendszer ker\u00fclt ki\u00e9p\u00edt\u00e9sre, ahol egy Viessmann Vitodens 100-W G\u00e1z\u00fczem\u0171 kondenz\u00e1ci\u00f3s falikaz\u00e1n biztos\u00edtja az egyenletes h\u0151m\u00e9rs\u00e9kletet az eg\u00e9sz \u00e9p\u00fcletben.<\/p>\n<p>Az \u00e9p\u00fclet k\u00f6rnyezete is meg\u00fajult a parkos\u00edt\u00e1snak \u00e9s a t\u00e9rk\u00f6vez\u00e9snek k\u00f6sz\u00f6nhet\u0151en, melynek keret\u00e9ben az \u00e9p\u00fclet k\u00f6rnyezet\u00e9nek f\u00fcves\u00edt\u00e9se, valamint a r\u00e9gi betonj\u00e1rd\u00e1k elbont\u00e1s\u00e1t k\u00f6vet\u0151en \u00faj t\u00e9rk\u0151b\u0151l k\u00e9sz\u00fclt j\u00e1rd\u00e1k val\u00f3sultak meg.<\/p>\n<p>A gy\u00fclekezeti h\u00e1z \u00e9p\u00fclet\u00e9ben funkci\u00f3v\u00e1lt\u00e1s nem t\u00f6rt\u00e9nt a fejleszt\u00e9s sor\u00e1n, azonban a p\u00e1ly\u00e1zati fejleszt\u00e9s eredm\u00e9nyek\u00e9ppen a megl\u00e9v\u0151 funkci\u00f3k fel\u00faj\u00edt\u00e1s\u00e1val, korszer\u0171s\u00edt\u00e9s\u00e9vel l\u00e1togathat\u00f3s\u00e1ga \u00e9s annak gyakoris\u00e1ga mindenk\u00e9ppen javult, \u00edgy a funkci\u00f3k el\u00e9rhet\u0151bb\u00e9 v\u00e1ltak.<\/p>\n<p>Az \u00e9p\u00fclet kihaszn\u00e1lts\u00e1ga \u00e9s l\u00e1togathat\u00f3s\u00e1ga a megval\u00f3sult fejleszt\u00e9s eredm\u00e9nyek\u00e9ppen n\u00f6vekedni fog.<\/p>\n<p>Tov\u00e1bb\u00e1 a megval\u00f3sult energetikai korszer\u0171s\u00edt\u00e9sek miatt az \u00e9p\u00fclet alkalmasabb lett tart\u00f3s k\u00f6z\u00f6ss\u00e9gi rendezv\u00e9nyek \u00e9s egy\u00e9b esem\u00e9nyek megtart\u00e1s\u00e1ra, a l\u00e1togat\u00f3k komfort\u00e9rzete javult, a t\u00e9li hideg id\u0151szakokban is m\u0171k\u00f6d\u0151k\u00e9pes f\u0171t\u00e9s biztos\u00edt\u00e1sa megoldott lett.<\/p>\n<p><img loading=\"lazy\" decoding=\"async\" src=\"https:\/\/korosnagyharsany.reformatus.hu\/wp-content\/uploads\/2020\/11\/Szechenyi-logo-300x298.png\" alt=\"\" class=\" wp-image-176 aligncenter\" width=\"176\" height=\"175\" srcset=\"https:\/\/korosnagyharsany.reformatus.hu\/wp-content\/uploads\/2020\/11\/Szechenyi-logo-300x298.png 300w, https:\/\/korosnagyharsany.reformatus.hu\/wp-content\/uploads\/2020\/11\/Szechenyi-logo-150x150.png 150w, https:\/\/korosnagyharsany.reformatus.hu\/wp-content\/uploads\/2020\/11\/Szechenyi-logo.png 735w\" sizes=\"auto, (max-width: 176px) 100vw, 176px\" \/><\/p>\n<p>Tov\u00e1bbi t\u00e1mogat\u00f3nk az EMVA. El\u00e9rhet\u0151s\u00e9g: https:\/\/ec.europa.eu\/agriculture\/<\/p>\n<p><center><\/center><\/p>\n","protected":false},"excerpt":{"rendered":"<p>K\u00f6r\u00f6snagyhars\u00e1ny egyh\u00e1zi telep\u00fcl\u00e9sk\u00e9pet meghat\u00e1roz\u00f3 \u00e9p\u00fcleteinek fejleszt\u00e9se Kedvezm\u00e9nyezett neve:\u00a0\u00a0 K\u00f6r\u00f6snagyhars\u00e1nyi Reform\u00e1tus Egyh\u00e1zk\u00f6zs\u00e9g P\u00e1ly\u00e1zati felh\u00edv\u00e1s neve, k\u00f3dsz\u00e1ma: A vid\u00e9ki t\u00e9rs\u00e9gek kism\u00e9ret\u0171 infrastrukt\u00far\u00e1j\u00e1nak \u00e9s alapvet\u0151 szolg\u00e1ltat\u00e1sainak fejleszt\u00e9s\u00e9re Telep\u00fcl\u00e9sk\u00e9pet meghat\u00e1roz\u00f3 \u00e9p\u00fcletek k\u00fcls\u0151 rekonstrukci\u00f3ja, t\u00f6bbfunkci\u00f3s k\u00f6z\u00f6ss\u00e9gi t\u00e9r l\u00e9trehoz\u00e1sa, fejleszt\u00e9se, energetikai korszer\u0171s\u00edt\u00e9s &#8211; VP6-7.2.1-7.4.1.1-16 Projekt c\u00edme: \u201eK\u00f6r\u00f6snagyhars\u00e1ny egyh\u00e1zi telep\u00fcl\u00e9sk\u00e9pet meghat\u00e1roz\u00f3 \u00e9p\u00fcleteinek fejleszt\u00e9se\u201d Projekt azonos\u00edt\u00f3ja: 1775421584 A [&hellip;]<\/p>\n","protected":false},"author":1,"featured_media":0,"parent":0,"menu_order":0,"comment_status":"closed","ping_status":"closed","template":"","meta":{"footnotes":""},"class_list":["post-148","page","type-page","status-publish","hentry"],"_links":{"self":[{"href":"https:\/\/korosnagyharsany.reformatus.hu\/index.php?rest_route=\/wp\/v2\/pages\/148","targetHints":{"allow":["GET"]}}],"collection":[{"href":"https:\/\/korosnagyharsany.reformatus.hu\/index.php?rest_route=\/wp\/v2\/pages"}],"about":[{"href":"https:\/\/korosnagyharsany.reformatus.hu\/index.php?rest_route=\/wp\/v2\/types\/page"}],"author":[{"embeddable":true,"href":"https:\/\/korosnagyharsany.reformatus.hu\/index.php?rest_route=\/wp\/v2\/users\/1"}],"replies":[{"embeddable":true,"href":"https:\/\/korosnagyharsany.reformatus.hu\/index.php?rest_route=%2Fwp%2Fv2%2Fcomments&post=148"}],"version-history":[{"count":19,"href":"https:\/\/korosnagyharsany.reformatus.hu\/index.php?rest_route=\/wp\/v2\/pages\/148\/revisions"}],"predecessor-version":[{"id":190,"href":"https:\/\/korosnagyharsany.reformatus.hu\/index.php?rest_route=\/wp\/v2\/pages\/148\/revisions\/190"}],"wp:attachment":[{"href":"https:\/\/korosnagyharsany.reformatus.hu\/index.php?rest_route=%2Fwp%2Fv2%2Fmedia&parent=148"}],"curies":[{"name":"wp","href":"https:\/\/api.w.org\/{rel}","templated":true}]}}